 when 12255 is divided by 6125.
5
What is the remainder when 11078 is divided by 525?
53
What is the remainder when 8604 is divided by 1593?
639
Calculate the remainder when 21879 is divided by 205.
149
Calculate the remainder when 7235 is divided by 2411.
2
Calculate the remainder when 9647 is divided by 1904.
127
What is the remainder when 33548 is divided by 2420?
2088
What is the remainder when 66931 is divided by 201?
199
Calculate the remainder when 3712 is divided by 189.
121
What is the remainder when 2465 is divided by 1074?
317
Calculate the remainder when 422574 is divided by 38415.
9
Calculate the remainder when 25981 is divided by 3.
1
What is the remainder when 1522 is divided by 52?
14
What is the remainder when 158470 is divided by 2058?
4
What is the remainder when 343 is divided by 263?
80
Calculate the remainder when 153906 is divided by 63.
60
What is the remainder when 25730 is divided by 513?
80
Calculate the remainder when 984 is divided by 36.
12
What is the remainder when 1806733 is divided by 38?
23
What is the remainder when 3485591 is divided by 88?
87
Calculate the remainder when 42330 is divided by 263.
250
Calculate the remainder when 83832 is divided by 31.
8
What is the remainder when 1385 is divided by 73?
71
What is the remainder when 267663 is divided by 44605?
33
What is the remainder when 16064 is divided by 214?
14
What is the remainder when 4872 is divided by 936?
192
Calculate the remainder when 42589 is divided by 68.
21
Calculate the remainder when 31024 is divided by 6203.
9
Calculate the remainder when 60783 is divided by 31.
23
Calculate the remainder when 7061 is divided by 160.
21
Calculate the remainder when 15338 is divided by 23.
20
What is the remainder when 6807 is divided by 6787?
20
What is the remainder when 2086 is divided by 94?
18
What is the remainder when 729 is divided by 35?
29
What is the remainder when 259118 is divided by 19?
15
What is the remainder when 7865 is divided by 1920?
185
What is the remainder when 26117 is divided by 368?
357
Calculate the remainder when 61365 is divided by 36.
21
Calculate the remainder when 7579 is divided by 34.
31
Calculate the remainder when 8393 is divided by 18.
5
What is the remainder when 16783 is divided by 3344?
63
Calculate the remainder when 174009 is divided by 464.
9
What is the remainder when 293 is divided by 31?
14
What is the remainder when 830902 is divided by 1068?
1066
What is the remainder when 23828 is divided by 72?
68
Calculate the remainder when 1364 is divided by 274.
268
What is the remainder when 48466 is divided by 16108?
142
Calculate the remainder when 6157071 is divided by 16.
15
What is the remainder when 171757 is divided by 20?
17
Calculate the remainder when 97677 is divided by 177.
150
What is the remainder when 14506 is divided by 23?
16
What is the remainder when 7766 is divided by 2588?
2
Calculate the remainder when 677 is divided by 542.
135
What is the remainder when 2684 is divided by 9?
2
Calculate the remainder when 1574164 is divided by 671.
669
Calculate the remainder when 884253 is divided by 5.
3
What is the remainder when 153694 is divided by 295?
294
Calculate the remainder when 1727 is divided by 42.
5
Calculate the remainder when 323119 is divided by 55.
49
Calculate the remainder when 361 is divided by 90.
1
Calculate the remainder when 601899 is divided by 1993.
13
What is the remainder when 120044 is divided by 265?
264
What is the remainder when 48255 is divided by 101?
78
What is the remainder when 869199 is divided by 202?
195
What is the remainder when 500417 is divided by 719?
712
What is the remainder when 1842586 is divided by 396?
394
What is the remainder when 7423303 is divided by 56?
55
What is the remainder when 8603 is divided by 114?
53
Calculate the remainder when 146884 is divided by 13.
10
Calculate the remainder when 15123 is divided by 156.
147
What is the remainder when 127701 is divided by 626?
623
Calculate the remainder when 2870 is divided by 2803.
67
What is the remainder when 2443 is divided by 852?
739
Calculate the remainder when 2292 is divided by 287.
283
Calculate the remainder when 508 is divided by 362.
146
What is the remainder when 8820 is divided by 2016?
756
Calculate the remainder when 124787 is divided by 20796.
11
What is the remainder when 87780 is divided by 14?
0
What is the remainder when 1495022 is divided by 69?
68
What is the remainder when 23695 is divided by 221?
48
Calculate the remainder when 75669 is divided by 23.
22
What is the remainder when 127945 is divided by 26?
25
Calculate the remainder when 31287 is divided by 827.
688
Calculate the remainder when 47301 is divided by 152.
29
Calculate the remainder when 156175 is divided by 26029.
1
Calculate the remainder when 344561 is divided by 2713.
10
What is the remainder when 334142 is divided by 13?
3
Calculate the remainder when 702237 is divided by 2128.
2125
Calculate the remainder when 89 is divided by 79.
10
What is the remainder when 11778 is divided by 734?
34
What is the remainder when 9449 is divided by 32?
9
What is the remainder when 10919 is divided by 77?
62
Calculate the remainder when 63464 is divided by 103.
16
Calculate the remainder when 2646 is divided by 222.
204
Calculate the remainder when 15180 is divided by 584.
580
Calculate the remainder when 211011 is divided by 111.
0
What is the remainder when 23394 is divided by 1949?
6
Calculate the remainder when 5061 is divided by 221.
199
What is the remainder when 4743 is divided by 4743?
0
Calculate the remainder when 327551 is divided by 1412.
1379
Calculate the remainder when 30338 is divided by 15036.
266
Calculate the remainder when 1863 is divided by 62.
3
Calculate the remainder when 16327 is divided by 3150.
577
What is the remainder when 455963 is divided by 32?
27
What is the remainder when 28510 is divided by 115?
105
What is the remainder when 1281 is divided by 15?
6
What is the remainder when 18477 is divided by 999?
495
What is the remainder when 28877 is divided by 9595?
92
What is the remainder when 1518758 is divided by 17?
12
Calculate the remainder when 38144 is divided by 97.
23
What is the remainder when 11503 is divided by 1081?
693
What is the remainder when 1010 is divided by 755?
255
Calculate the remainder when 167821 is divided by 20977.
5
Calculate the remainder when 49225 is divided by 326.
325
Calculate the remainder when 10294 is divided by 36.
34
Calculate the remainder when 5645 is divided by 39.
29
What is the remainder when 100061 is divided by 153?
152
Calculate the remainder when 35793 is divided by 153.
144
What is the remainder when 2341 is divided by 1103?
135
Calculate the remainder when 322498 is divided by 150.
148
Calculate the remainder when 31199 is divided by 48.
47
Calculate the remainder when 306753 is divided by 10.
3
Calculate the remainder when 13618 is divided by 3403.
6
Calculate the remainder when 4606 is divided by 87.
82
What is the remainder when 8994 is divided by 100?
94
What is the remainder when 180329 is divided by 322?
9
What is the remainder when 58008 is divided by 29002?
4
What is the remainder when 1386 is divided by 393?
207
Calculate the remainder when 6754 is divided by 2050.
604
What is the remainder when 3638 is divided by 1045?
503
Calculate the remainder when 9677182 is divided by 29.
27
Calculate the remainder when 6870 is divided by 87.
84
What is the remainder when 737696 is divided by 114?
2
Calculate the remainder when 56650 is divided by 5649.
160
What is the remainder when 25568 is divided by 2840?
8
What is the remainder when 5575 is divided by 968?
735
What is the remainder when 13552 is divided by 13238?
314
Calculate the remainder when 630873 is divided by 19.
16
Calculate the remainder when 1965 is divided by 59.
18
Calculate the remainder when 12906 is divided by 11105.
1801
Calculate the remainder when 8651 is divided by 5.
1
What is the remainder when 18497 is divided by 53?
0
What is the remainder when 16803 is divided by 5474?
381
What is the remainder when 2421 is divided by 1186?
49
Calculate the remainder when 4125 is divided by 159.
150
Calculate the remainder when 6177 is divided by 3085.
7
What is the remainder when 56